 j = -30 - -36. Let r(s) = s**3 - 5*s**2 + 4*s + 2. What is the remainder when r(j) is divided by 33?
29
Let v(t) = -t**2 + 2*t - 10. Let o be v(7). Let g = o - -63. Suppose 0 = -4*u + 3*u + 33. What is the remainder when u is divided by g?
15
Let n = 80 + -8. Suppose 7*t - n = -2. What is the remainder when 39 is divided by t?
9
Suppose 30*m - 35*m = -45. Let c(k) = k**3 - 7*k**2 + 6*k + 2. Let z be c(6). Let r = 6 - z. What is the remainder when m is divided by r?
1
Suppose 3*o - 4*t = -5*t - 18, -5*o - 32 = t. Let p be ((-372)/2)/(14/o). Suppose 0*h + p = 3*h. What is the remainder when 91 is divided by h?
29
Let z = -167 + 198. Calculate the remainder when 120 is divided by z.
27
Suppose 3*v - 95 = z, v - 2*z - 66 = -v. Let h(a) = -2*a**3 + 2*a**2 + a + 1. Let k be h(2). Let q = v + k. What is the remainder when 75 is divided by q?
23
Suppose -140*t = -144*t + 420. What is the remainder when 731 is divided by t?
101
Suppose -3*g = -2*g - 3. What is the remainder when (-1292)/(-340) + (-6)/(-5) is divided by g?
2
Suppose 0 = -j - 6 + 1, 4*g + j = -513. Let d = 186 + g. What is the remainder when d is divided by 16?
11
Calculate the remainder when 131 is divided by (-7 - (-36 - -1))*1.
19
Suppose g - 22 = 3*x - 0*x, 4*g = -3*x + 103. Suppose 0 = 2*n - g + 1. Suppose 2*m - 5*f = 28, -m = 4*f - n - 15. What is the remainder when m is divided by 11?
8
Let y = 11 + -5. Suppose 39 + 27 = 5*u + 3*n, 64 = 5*u + 2*n. What is the remainder when 274/y + 2/6 is divided by u?
10
Let x = 2635 + -2616. Let f = 8 - 4. What is the remainder when x is divided by f?
3
Suppose -3*y + 3 = 0, 28*s - 27*s + y = 66. Suppose -x + 3*w - w = -27, 3*w - 2 = -x. What is the remainder when s is divided by x?
14
Let b(i) = -i**3 - 10*i**2 + i + 9. Let g be b(-10). Calculate the remainder when g + 8 - (3 + 6/(-3)) is divided by 42/8 + 3/(-12).
1
Let g = 2 + 1. Suppose g = 6*c - 3*c. What is the remainder when 61 is divided by c/((-94)/32 + 3)?
13
Let a = -753 - -764. Calculate the remainder when (-548)/(-13) - (-16)/(-104) is divided by a.
9
Let h(f) = -f**3 - 4*f**2 - 2*f + 7. Let t be h(-3). Suppose -2*d = 2*w - 34, t*d - 15 = w - 52. What is the remainder when 104 is divided by w?
20
Suppose -f - 2*f - 174 = 0. Let u = f - -107. Let n = 16 + 1. What is the remainder when u is divided by n?
15
Let i = 102 - 19. What is the remainder when 209 is divided by i?
43
Let g = 6 - -6. What is the remainder when g is divided by ((-2)/(-3))/(2/9)?
0
Suppose -4*d + 15 = -913. Calculate the remainder when d is divided by 79.
74
Suppose 6*h - 80 = 26*h. What is the remainder when 10 is divided by (h/(-2))/(2 + 5/(-3))?
4
Let j(z) = -7*z**3 - 12*z**2 + 4*z + 26. What is the remainder when j(-3) is divided by 74?
21
Let p be (-23)/(-2) - 2/(-4). Let j(d) = d**2 + 15*d + 19. Let s be j(-14). Let x = s + p. Calculate the remainder when 30 is divided by x.
13
Suppose -49*z = -1207 - 3742. Calculate the remainder when z is divided by 54.
47
Suppose 44*x - 40*x - 336 = 0. Calculate the remainder when 2/(-5) + (-244)/(-10) is divided by ((-189)/x)/(2/(-8)).
6
Let g be (-6)/(-1)*((-8)/3 + 3). Suppose 3*s = -4*j - g*s + 48, -j - s = -11. Calculate the remainder when 26 is divided by j.
5
What is the remainder when (1/(6/(-124)))/((-162)/4860) is divided by 33?
26
Suppose -2*w = -56 - 48. Calculate the remainder when w is divided by 42.
10
Suppose 0*n = 4*n - g - 799, -383 = -2*n - 5*g. Calculate the remainder when n is divided by 68.
63
Suppose 4*h - 1 = 3*h - c, c + 2 = 0. Let z(x) = 2*x**2 - 142*x - 745. Calculate the remainder when z(-5) is divided by h.
0
Let d(r) = r**2 + 26*r + 21. Let a be d(15). Suppose -a = -12*o - 0*o. Calculate the remainder when o is divided by 11.
9
Let d = -46 - -46. Suppose -5*m + 45 = q, -m + d*m = 2*q. What is the remainder when 74/4 + (-1)/2 is divided by m?
8
Suppose -3*b - 1 = 3*m - 2*m, 0 = 3*m + 12. Let i(a) = a**3 - a. Let g be i(b). Suppose 4*y + g*y - 28 = 0. What is the remainder when 11 is divided by y?
4
Let v(i) be the first derivative of -i**4/4 + 2*i**3 + i**2 - 4*i - 16. Calculate the remainder when v(5) is divided by 11.
9
Calculate the remainder when (-1137)/(-4) + 12/16 + -7 is divided by 38.
12
Let c(l) = -l**2 + l + 12. Let s be 592/10 - 1*(-16)/20. Calculate the remainder when (-5)/6 + 2150/s is divided by c(0).
11
Let v(y) = 8*y**2 - 8*y - 5. Let s(o) = -7*o - 22*o**2 + 10 + 23*o + 5*o**2. Let a(p) = 6*s(p) + 13*v(p). Calculate the remainder when 56 is divided by a(6).
18
Suppose -446 = 1597*o - 1599*o. Calculate the remainder when o is divided by 63.
34
Calculate the remainder when 6 is divided by (1/(-9))/((-1)/9).
0
Suppose 3*v = -0 - 3. What is the remainder when 83 is divided by (-2*(-14)/(-6))/(v/3)?
13
Calculate the remainder when 106 is divided by (14410/(-99))/(-5) + (-1)/9.
19
Suppose c - 673 = -4*m + 166, -c + 421 = 2*m. What is the remainder when 644 is divided by m?
17
Suppose -4*k = -4, 4*v - 2*k = k + 513. What is the remainder when v is divided by 44?
41
Suppose -886*k - 374 = -897*k. Calculate the remainder when k is divided by 5.
4
Let i(j) = 3*j + 87. Calculate the remainder when 314 is divided by i(-14).
44
Suppose 60 = 4*k + i, 4*k = -3*i - 5 + 57. Calculate the remainder when 190 is divided by k.
14
Let t be 3/2 + 21/14. Suppose 1 = -t*y + 13. Suppose -3*r = 3*m - 81, 2*m + y = 3*m. What is the remainder when r is divided by 8?
7
Suppose 0 = 2*d - 65 - 65. Let j = d + -41. Suppose -4*k = -j + 8. What is the remainder when 6 is divided by k?
2
Let n(a) be the first derivative of -a**4/4 + 2*a**3 + a**2/2 + 2*a - 4. Let k be n(5). Suppose -p + k = p. What is the remainder when p is divided by 9?
7
Let n be (-4)/(44/(-273)) + (-2)/(-11). Suppose r - 57 + n = 0. Let a = -8 - -20. What is the remainder when r is divided by a?
8
Let w = -45 + 77. What is the remainder when 158 is divided by w?
30
Suppose 0 = -3*j + l + 181, -j + 96 = 5*l + 9. Let q = j - 47. Calculate the remainder when 24 is divided by q.
9
Let f = -78 + 88. What is the remainder when 385 is divided by f?
5
Suppose -2*s - 4*x - 4 = 0, -7*x + 3*x = -s - 32. Let b be 216/s*1/2. What is the remainder when 6 is divided by (-2)/(6/b) + 1?
2
Let h(q) = 2*q - 7. Let g be h(6). Suppose -2*y + 23 = k, 3*y + g*k - 48 = -10. What is the remainder when y is divided by 7?
4
Let w(k) = -k**3 - k**2 + 14*k + 48. What is the remainder when w(-5) is divided by 23?
9
Suppose -4*b - 70 = 2*t + 80, -4*t - 195 = 5*b. Let m = 52 + b. What is the remainder when 82 is divided by m?
14
Calculate the remainder when 104 is divided by ((6/12)/1)/((-6)/(-180)).
14
Let s = -217 + 247. What is the remainder when 236 is divided by s?
26
Let r be 8/(-10)*(-430)/4. Suppose 4*f + 36 = k, -f = -4*k + k + r. Let s = -7 + 117. Calculate the remainder when s is divided by k.
26
Let o = -46 - -49. Suppose 0 = -13*s - o + 81. What is the remainder when 29 is divided by s?
5
Suppose -c = -3*d + d + 1, 5*c - 4*d - 13 = 0. Calculate the remainder when 48 is divided by c.
3
Suppose 5*m - 12*l - 48 = -10*l, 0 = -5*m + 3*l + 47. What is the remainder when 288 is divided by m?
8
Suppose 23*k - 48 = 44. Calculate the remainder when 6 is divided by k.
2
Suppose 0 = 4*g - 4, 3 = -b + 5*g - 1. Calculate the remainder when 133/7 - 2/b is divided by 5 - (8 + -5) - -4.
5
Suppose -404*c = -408*c + 200. Calculate the remainder when c is divided by 22.
6
Let s = -34 - -56. Suppose 16 = 2*u - s. Suppose 2 - u = -g. What is the remainder when 65 is divided by g?
14
Let y(i) = -34*i - 15. Suppose -n - 5*s - 2 = -0, 5*n + 4*s + 10 = 0. What is the remainder when y(n) is divided by 14?
11
Suppose 0*l = 3*l - 2*j - 10, 4 = 4*j. Calculate the remainder when 69 is divided by l + 22 + 1 + -3.
21
Let v = 184 + -371. Let q = -164 - v. What is the remainder when (2 + -1)/((-2)/(-134)) is divided by q?
21
Let h be (-1)/6 + (-708)/72. Let d = -3 - h. Calculate the remainder when d is divided by (-68)/(-12) - 2/3.
2
Let s(t) = t**2. Let j be (-6)/(-2)*(-20)/12. What is the remainder when s(j) is divided by (-279)/(-21) + 1 + (-4)/14?
11
Let i = -1 + 16. Let k(s) = -6*s + 66. Let f be k(13). Calculate the remainder when i is divided by 2/f - 637/(-78).
7
Let z = -20 + 26. Let w(h) = -h - 6. Let j(b) = -b + 1. Let m(s) = -